**3 + 3*s**2 - 17*s + 14. Determine i(1).
11
Let w(m) = 42*m - 10. What is w(8)?
326
Let g(d) = d**2 + 1394*d - 5. What is g(0)?
-5
Let m(q) = 14*q**3 + 143*q**2 + 21*q. Give m(-10).
90
Let w(r) = 5*r**3 - 14*r**2 - 53*r - 10. Determine w(-2).
0
Let p(j) = 102*j - 81. What is p(-3)?
-387
Let u(j) = 102*j - 6335. Give u(62).
-11
Let o(c) = -c**3 - 22*c**2 + 902*c + 28. Determine o(21).
7
Let w(x) = 2*x**3 + 8*x**2 + 29*x + 97. Give w(-7).
-400
Let z(h) = 2*h**2 + 64*h + 19. Calculate z(-32).
19
Let g(q) = q**2 - 85*q - 436. Give g(-5).
14
Let m(q) = -50*q + 852. What is m(17)?
2
Let s(g) = -38*g**3 + 1671*g**2 + 57*g - 55. Determine s(44).
517
Let u(h) = -h**3 + 12*h**2 - 3. Determine u(12).
-3
Let d(n) = -51*n + 154. Give d(3).
1
Let w(l) = l**3 - 27*l**2 + 13*l + 306. Determine w(26).
-32
Let x(c) = -c**2 + 20*c - 134. Give x(19).
-115
Let p(q) = -3*q**2 + 317*q - 1509. Give p(5).
1
Let g(v) = -8*v**3 - 521*v**2 - 61*v + 262. Determine g(-65).
2
Let z(d) = 4*d**3 + 10*d**2 - 55*d - 116. Calculate z(-2).
2
Let g(w) = -595*w + 9525. What is g(16)?
5
Let d(f) = 12*f**3 + 239*f**2 - 26*f - 105. Calculate d(-20).
15
Let r(w) = 3*w**3 - 5*w**2 - 104*w - 62. What is r(7)?
-6
Let b(u) = -10*u**2 - 37*u - 12. What is b(-3)?
9
Let w(a) = -a**3 - 66*a**2 - 562*a - 106. Determine w(-56).
6
Let k(i) = i**3 + 10*i**2 + 6*i + 23. What is k(0)?
23
Let o(b) = -698*b + 3487. What is o(5)?
-3
Let l(n) = 57*n + 356. Calculate l(-5).
71
Let t(w) = -6*w**2 + 58*w + 12. Give t(10).
-8
Let r(k) = -3171*k + 6264. What is r(2)?
-78
Let j(v) = v**3 + 53*v**2 + 55*v + 94. Give j(-52).
-62
Let p(a) = 2*a**3 - 127*a**2 + 84*a - 1284. Determine p(63).
39
Let j(o) = -42*o + 4630. Calculate j(110).
10
Let s(i) = -2*i**2 + 3*i + 14. Determine s(-2).
0
Let v(p) = p**2 - 54*p + 370. What is v(8)?
2
Let u(o) = -9*o**2 - 9*o - 185. Give u(-8).
-689
Let n(z) = -z**3 - 5*z**2 + 8*z - 18. Give n(-6).
-30
Let w(f) = -f**3 - 11*f**2 + 1904*f + 19136. What is w(-10)?
-4
Let k(u) = u**2 - 32. Determine k(7).
17
Let r(g) = -3*g**3 - 82*g**2 - 22*g + 130. What is r(-27)?
-5
Let o(z) = 12*z - 244. Determine o(20).
-4
Let l(d) = 579*d - 2901. Calculate l(5).
-6
Let b(r) = -50*r + 662. Calculate b(13).
12
Let k(q) = -2164*q + 8698. What is k(4)?
42
Let w(f) = f**2 - 14*f - 379. Give w(-11).
-104
Let z(a) = -1979*a + 5927. Give z(3).
-10
Let p(a) = a**2 - 59*a - 84. What is p(63)?
168
Let i(j) = 335*j + 677. Give i(-2).
7
Let v(b) = -b**3 + 2*b**2 + 141*b + 30. Calculate v(13).
4
Let l(p) = -10*p - 95. Determine l(-19).
95
Let o(g) = 5*g**2 + 66*g - 48. Calculate o(-14).
8
Let v(h) = h**3 + 7*h**2 + 11*h + 22. What is v(-5)?
17
Let p(v) = v**3 - 18*v**2 - 205*v - 84. Determine p(26).
-6
Let a(h) = 50*h + 440. Give a(-13).
-210
Let a(j) = -13*j**2 + 111*j + 10. Determine a(11).
-342
Let s(p) = 5*p**2 - 226*p + 1503. Give s(7).
166
Let f(g) = -61*g**2 + 256*g - 14. Give f(4).
34
Let g(u) = 129*u**2 - 1573*u + 313. Calculate g(12).
13
Let a(n) = -3*n**2 + 116*n + 507. Give a(-4).
-5
Let a(t) = 15*t**3 + t**2 + 15*t - 13. What is a(1)?
18
Let t(w) = -3*w**2 + 4218*w - 4217. Calculate t(1).
-2
Let l(z) = -z**3 - 3*z**2 + 9*z - 47. Give l(-6).
7
Let k(x) = 7*x**2 + 80*x - 16. Give k(-5).
-241
Let i(p) = 52*p + 105. Determine i(-6).
-207
Let z(k) = -30*k**3 + 2*k**2 + 9*k + 13. Give z(-2).
243
Let r(w) = -166*w**2 + 18*w + 39. Give r(-2).
-661
Let f(x) = 2671*x - 77454. What is f(29)?
5
Let c(u) = -2*u**3 + 3*u**2 + 323*u - 27. What is c(-12)?
-15
Let d(r) = 10*r - 568. What is d(56)?
-8
Let u(i) = -2*i**3 + 6*i**2 + 32*i + 16. Determine u(6).
-8
Let d(j) = 184*j**2 - 383*j + 4. Determine d(2).
-26
Let l(t) = 4*t**3 - 39*t**2 - 14*t + 13. Calculate l(10).
-27
Let z(s) = -s**3 - 9*s**2 + 62*s + 510. Calculate z(-10).
-10
Let a(o) = -12*o**2 - 11. Calculate a(-4).
-203
Let t(n) = n**2 - 2403*n - 24122. Determine t(-10).
8
Let n(q) = -5*q**3 + 98*q**2 - 63*q + 120. Give n(19).
6
Let g(a) = 16*a**2 + 56*a - 58. Calculate g(1).
14
Let f(h) = 668*h - 20710. What is f(31)?
-2
Let q(x) = x**3 + 8*x**2 + 25*x + 39. Give q(-4).
3
Let c(d) = -5*d**2 - 141*d - 23. Determine c(-28).
5
Let l(x) = 637*x - 34390. Determine l(54).
8
Let y(o) = -307*o + 54047. Determine y(176).
15
Let b(n) = -n**2 + 17*n + 9. Give b(25).
-191
Let g(o) = o**3 - 13*o**2 - 39*o + 200. Give g(14).
-150
Let b(g) = -2*g**3 + 35*g**2 - 8*g - 35. Determine b(17).
118
Let w(g) = -5985*g + 173555. Determine w(29).
-10
Let g(t) = 4*t**2 + 69*t - 1. Calculate g(-17).
-18
Let m(r) = -484*r - 165. Calculate m(-1).
319
Let b(g) = -g**3 + 9*g**2 + 194*g - 563. Determine b(18).
13
Let k(b) = 13331*b + 213291. Give k(-16).
-5
Let w(a) = a**3 + 53*a**2 - 107*a + 162. Give w(-55).
-3
Let p(h) = h**3 + 3*h**2 - 71. Determine p(0).
-71
Let f(n) = 10*n - 86. Determine f(-25).
-336
Let v(r) = -3*r - 309. Calculate v(-101).
-6
Let y(i) = 3692*i + 1. What is y(0)?
1
Let a(d) = 5*d**2 + 9*d - 17. Calculate a(-3).
1
Let z(a) = 6*a - 162. Determine z(-55).
-492
Let i(q) = q**2 + 1601*q - 8027. Determine i(5).
3
Let o(b) = -b**3 - 4*b**2 + 10*b - 10. What is o(-8)?
166
Let z(u) = u**3 - u**2 + 13*u + 1. Give z(5).
166
Let i(c) = -185*c**2 - 5*c - 7. Determine i(-2).
-737
Let t(x) = 2*x**2 + 1186*x - 2376. Calculate t(2).
4
Let n(h) = 4*h**2 + 28*h + 11. What is n(-6)?
-13
Let j(d) = 3537*d + 10594. Determine j(-3).
-17
Let o(c) = c**2 + 643*c + 6292. Give o(-10).
-38
Let a(d) = 3*d**2 + 112*d - 426. What is a(-41)?
25
Let o(v) = -v**3 + 6*v**2 - 6*v - 8. Calculate o(4).
0
Let k(d) = 28*d**2 - 29*d + 91. Determine k(3).
256
Let t(h) = -h**3 + 140*h**2 - 2092*h + 130. Give t(123).
7
Let m(p) = 130*p - 102. Calculate m(2).
158
Let b(j) = -20*j**2 - 977*j + 110. Calculate b(-49).
-37
Let d(j) = -j**3 + 6*j**2 + 4*j - 1. Give d(3).
38
Let y(u) = 4*u**2 - 349*u + 694. Determine y(2).
12
Let m(y) = y**2 + 351*y - 2507. What is m(7)?
-1
Let c(j) = -18*j + 20. Give c(6).
-88
Let o(n) = 14*n**2 - 183*n + 6. Calculate o(13).
-7
Let j(g) = g**3 - 11*g**2 - 25*g - 29. Give j(13).
-16
Let t(g) = g**3 - g**2 - 14*g + 2. What is t(4)?
-6
Let g(h) = 8*h**3 + 20*h**2 - 5*h + 1. What is g(-3)?
-20
Let d(f) = f**3 + 27*f**2 - 103*f - 505. Calculate d(-30).
-115
Let f(l) = 18*l**2 - 57*l + 55. Give f(2).
13
Let u(x) = -6*x - 242. Give u(-25).
-92
Let x(s) = -133*s + 8264. Calculate x(62).
18
Let q(w) = -2*w**2 + 18*w - 33. Calculate q(11).
-77
Let k(z) = -2*z**3 - 154*z**2 + 4*z + 320. Give k(-77).
12
Let n(j) = 7*j**2 - 220*j + 280. Determine n(30).
-20
Let a(s) = -s**3 - s**2 + 9*s + 36. Calculate a(-7).
267
Let o(m) = 258*m - 6172. Calculate o(24).
20
Let f(c) = 2*c**3 - 18*c**2 - 21*c + 15. Determine f(10).
5
Let j(p) = 48*p**3 + 7*p**2 - 17*p + 9. What is j(1)?
47
Let n(t) = -t**2 - 1695*t + 55260. Give n(32).
-4
Let c(f) = -33*f - 432. What is c(-11)?
-69
Let y(h) = -8056*h - 48331. What is y(-6)?
5
Let k(g) = -g**3 + 12*g**2 + 50*g - 21. Determine k(15).
54
Let p(a) = 19*a**3 + 90*a**2 + 4*a - 7. What is p(-4)?
201
Let x(w) = w**3 + 26*w**2 + 147*w + 215. Give x(-5).
5
Let p(l) = -4*l**3 + 58*l**2 + 32*l - 20. What is p(15)?
10
Let h(a) = 2*a - 111. Calculate h(24).
-63
Let x(w) = 12*w**2 + 42*w + 2. Determine x(-4).
26
Let d(l) = -322*l + 5493. What is d(17)?
19
Let i(n) = 6*n - 78. Give i(12).
-6
Let d(l) = -l**3 - 194*l**2 - 2014*l - 175. Determine d(-183).
8
Let c(a) = -7*a - 311. Give c(-65).
144
Let v(n) = -777*n**3 - 2*n**2 - 19*n - 17. What is v(-1)?
777
Let r(l) = -l**3 - 145*l**2 + 1224*l - 111. Give r(-153).
-111
Let l(y) = -9*y**2 - 4*y + 2. Determine l(-1).
-3
Let i(p) = -p**2 - 8*p + 1902. Determine i(41).
-107
Let x(i) = -i**3 + 42*i**2 + 36*i - 1509. Determine x(42).
3
Let a(h) = -h**3 - 8*h**2 - 5*h + 51. What is a(3)?
-63
Let k(p) = -26514*p - 79540. Determine k(-3).
2
Let z(k) = -106*k - 11039. Calculate z(-104).
-15
Let z(n) = n**3 - 9*n**2 + 22*n + 2. Determine z(7).
58
Let g(k) = k**2 + 289*k + 5127. Determine g(-19).
-3
Let q(n) = -23*n**3 - 3*n**2 - 88*n + 90. What is q(1)?
-24
Let y(c) = c**3 + 37*c**2 + 47*c + 1688. Calculate y(-37).
-51
Let o(c) = -18*c - 317. Determine o(-17).
-11
Let m(z) = z**3 + 6*z**2 - 10*z + 194. Give m(0).
194
Let b(r) = r**3 - 9*r**2 + 123*r - 1590. What is b(11)?
5
Let p(h) = -h**2 + 12*h + 810. Calculate p(-23).
5
Let